2
In base 13, what is 250 + 11b26?
12076
In base 2, what is -10011111110000110010 + 11110100111?
-10011111010010001011
In base 15, what is 0 - 317507?
-317507
In base 5, what is 22 + 4043102?
4043124
In base 7, what is -5052 - 301064?
-306146
In base 10, what is 10172 + 18605?
28777
In base 5, what is -103040 - 31424?
-140014
In base 3, what is -101 - -10012212101221?
10012212101120
In base 2, what is 1100111100110100111101 + -100001010?
1100111100110000110011
In base 16, what is 4b - 891e?
-88d3
In base 13, what is 6772 - 3c4?
637b
In base 9, what is 1005 + 16805?
17811
In base 7, what is 5 - -14261312?
14261320
In base 6, what is -1352 + 52154232?
52152440
In base 12, what is -5469 - -a8?
-5381
In base 4, what is -10121300 + -1011032?
-11132332
In base 14, what is -19b88 - -34?
-19b54
In base 7, what is -5312 + -126162?
-134504
In base 6, what is -10051101531 - 0?
-10051101531
In base 14, what is -9 - 873c47?
-873c52
In base 6, what is -120 - -2001142?
2001022
In base 4, what is -12200121201 + -10102?
-12200131303
In base 8, what is -3 + 344403?
344400
In base 6, what is -1424130 + -221?
-1424351
In base 4, what is 1033001232 - -12323?
1033020221
In base 7, what is -4 - -51426604?
51426600
In base 6, what is 103014223234 + 3?
103014223241
In base 8, what is -11076 - 73607?
-104705
In base 7, what is -435653 + -61?
-436044
In base 13, what is 21367c3 - -1?
21367c4
In base 16, what is 2a69 + 138?
2ba1
In base 16, what is 13 - 2bca5?
-2bc92
In base 16, what is 150874c2 - -4?
150874c6
In base 4, what is -2121 + -101232102?
-101300223
In base 16, what is -150733 - 13?
-150746
In base 8, what is -3 - 453201706?
-453201711
In base 8, what is -61151 + 47142?
-12007
In base 10, what is 20091 - 15057?
5034
In base 10, what is -585 - -892?
307
In base 7, what is 350 - -626564?
630244
In base 3, what is 122 + -1212202101201?
-1212202101002
In base 8, what is -34 - 755540?
-755574
In base 8, what is 13 + 21565574?
21565607
In base 11, what is 294330 - -4?
294334
In base 5, what is -21212444412 - 0?
-21212444412
In base 11, what is 0 + -4330a8?
-4330a8
In base 7, what is 4 + -26302156?
-26302152
In base 14, what is 29137 - 1c55?
272c2
In base 2, what is -1000010111 - -10001100111100?
10000100100101
In base 6, what is -3 + 154353042?
154353035
In base 7, what is -5 + -6112536?
-6112544
In base 6, what is 4 - 11522111?
-11522103
In base 3, what is 212001212000211111 - 2?
212001212000211102
In base 14, what is -4d1 + -342c?
-391d
In base 3, what is -1110101101101 + -20?
-1110101101121
In base 14, what is -484 - d0?
-574
In base 13, what is 55c03c4 - 5?
55c03bc
In base 4, what is 0 + -12002022021012?
-12002022021012
In base 7, what is -25236 - 11643?
-40212
In base 5, what is -30401 - 413233?
-444134
In base 7, what is -340136316 + 11?
-340136305
In base 5, what is 41041 - 22311?
13230
In base 6, what is -1414310 + 102?
-1414204
In base 8, what is -356 + -314371?
-314747
In base 15, what is -5 + 602193?
60218d
In base 14, what is -4 + -871c33?
-871c37
In base 2, what is -10001010000001101110 - -100000101010?
-10001001100001000100
In base 9, what is 617604 - -187?
617802
In base 14, what is 8c - -691c?
69aa
In base 13, what is -1b53 + 269b5?
24b62
In base 12, what is 2141b68b - -1?
2141b690
In base 6, what is 2 - 2313232213?
-2313232211
In base 14, what is -8278 + -22d7?
-a571
In base 12, what is 13a5803 + a5?
13a58a8
In base 14, what is 4 - 1a78953?
-1a7894d
In base 16, what is 5 - -129d356?
129d35b
In base 10, what is -12 + -15651534?
-15651546
In base 3, what is 10 + -101121102021200?
-101121102021120
In base 3, what is 211222 - -120211011122?
120212000121
In base 10, what is -13073 + -6286?
-19359
In base 10, what is 5 + -103593011?
-103593006
In base 13, what is -731 - 2042?
-2773
In base 6, what is 111440430110 + -1?
111440430105
In base 4, what is -1231203 - -13301202?
12003333
In base 5, what is 1 + 223003343?
223003344
In base 5, what is -3140 + -302442?
-311132
In base 16, what is 10b66 - 11a?
10a4c
In base 6, what is -103352050441 - 1?
-103352050442
In base 4, what is 3101132031100 + -20?
3101132031020
In base 3, what is 220001200210 - -211?
220001201121
In base 15, what is 8a5 + -451a1?
-447eb
In base 9, what is 1006 - 7868?
-6862
In base 15, what is 166112b + 7?
1661133
In base 10, what is 53 - -1018075?
1018128
In base 8, what is -5144 + -1532?
-6676
In base 3, what is -10002012 - -121002102?
111000020
In base 6, what is 20425 - -101513?
122342
In base 8, what is -55773315 + -10?
-55773325
In base 11, what is -24a56666 + 5?
-24a56661
In base 6, what is -30252424532 - -4?
-30252424524
In base 13, what is 4897937b + 3?
48979381
In base 14, what is 2b7194 - 51?
2b7143
In base 7, what is 266665 + -22?
266643
In base 11, what is 5 - a1a53a25?
-a1a53a20
In base 3, what is -12120102112010 - 1021?
-12120102120101
In base 2, what is 10100010101000 + 10100011101?
10110111000101
In base 13, what is 241a1c8 - 1?
241a1c7
In base 7, what is 3105325002 + 4?
3105325006
In base 3, what is 2221 - -20210201210?
20210211201
In base 9, what is -4 - 57047178?
-57047183
In base 8, what is -55177101 + 2?
-55177077
In base 5, what is 232 + -2140203?
-2134421
In base 8, what is 1131 - 106757?
-105626
In base 16, what is 12928 + -55f?
123c9
In base 13, what is 1cc256b7 + 1?
1cc256b8
In base 2, what is 1011001011100101011111 - 10100011?
1011001011100010111100
In base 3, what is -100 - 112021000010010?
-112021000010110
In base 14, what is d1d554 - -d?
d1d563
In base 10, what is -28102 + -5511?
-33613
In base 16, what is -3e4d + -c67?
-4ab4
In base 9, what is -6230 + -153234?
-160464
In base 14, what is -3 - 3a9016?
-3a9019
In base 15, what is -2b5 + -4686?
-494b
In base 15, what is -4d61c + -19?
-4d636
In base 13, what is 18c250b + -74?
18c2467
In base 2, what is -10101 - -11100010001110010110?
11100010001110000001
In base 7, what is -251614155 - 36?
-251614224
In base 14, what is 2802319d + 5?
280231a4
In base 15, what is -dc663 + 4?
-dc65e
In base 7, what is -22 - -2425165?
2425143
In base 2, what is -1000101000111011001001011 + 10?
-1000101000111011001001001
In base 15, what is 2 - -138771?
138773
In base 15, what is -10 - -ade7e2?
ade7d2
In base 4, what is 3310 + -13000123?
-12330213
In base 6, what is 40500 + 335404?
420304
In base 11, what is -70152 - -1100?
-6a052
In base 15, what is -3b223 + -7ad?
-3b9d1
In base 11, what is 1098155 - -11?
1098166
In base 3, what is 1001202 - -110000?
1111202
In base 4, what is -120212003313321 - 2?
-120212003313323
In base 13, what is 79b - -ac4?
1592
In base 8, what is 41 - 2325344?
-2325303
In base 5, what is -3403 + 10101312?
10042404
In base 5, what is 10340421 + -3401?
10332020
In base 12, what is -a207633 + 20?
-a207613
In base 9, what is -3 - -28675463?
28675460
In base 10, what is 13652 + 15870?
29522
In base 12, what is 3abaa + 2274?
41262
In base 11, what is -251805 + 284?
-251531
In base 11, what is -1 + 107602?
107601
In base 16, what is 0 + 2137d1?
2137d1
In base 15, what is 990d - -178?
9a86
In base 8, what is -10 + 7036050?
7036040
In base 5, what is 4 + 144441333?
144441342
In base 4, what is 32202102020 - 1203?
32202100211
In base 6, what is 120212433 - -11?
120212444
In base 12, what is -5538b - 4a9?
-55878
In base 6, what is 44021102141 + -3?
44021102134
In base 7, what is 5 - 11425343?
-11425335
In base 10, what is 92743 + -11293?
81450
In base 12, what is a650985 - 1?
a650984
In base 11, what is -510a12737 + 1?
-510a12736
In base 12, what is -8b9308 + -3?
-8b930b
In base 12, what is 1291a825 + 4?
1291a829
In base 10, what is -11658 - 37383?
-49041
In base 10, what is -5273 - -449?
-4824
In base 14, what is 2 + 226c3b?
226c3d
In base 8, what is 330 + -61354?
-61024
In base 4, what is -100200012 + -3011?
-100203023
In base 2, what is -10 - 111110010010000010100?
-111110010010000010110
In base 13, what is -7b6b - -32c?
-783c
In base 7, what is 116540605 + -123?
116540452
In base 13, what is 96 + 4c2c8?
4c391
In base 12, what is -b0251 + -aab?
-b1140
In base 5, what is 14440411324 - 11?
14440411313
In base 15, what is cbe2 + -29?
cbb8
In base 14, what is 24 - -b266ca?
b26710
In base 3, what is -202 + 100111212212210?
100111212212001
In base 12, what is bbb71024 - -1?
bbb71025
In base 11, what is 4 - 1235a418?
-1